{"id":5606,"date":"2026-03-09T16:12:58","date_gmt":"2026-03-09T16:12:58","guid":{"rendered":"https:\/\/www.eduqaterapias.es\/?page_id=5606"},"modified":"2026-03-09T16:13:02","modified_gmt":"2026-03-09T16:13:02","slug":"denuncia-mediante-reunion-presencial","status":"publish","type":"page","link":"https:\/\/www.eduqaterapias.es\/en\/denuncia-mediante-reunion-presencial\/","title":{"rendered":"Denuncia mediante reuni\u00f3n presencial"},"content":{"rendered":"<p>[et_pb_section fb_built=\u00bb1&#8243; theme_builder_area=\u00bbpost_content\u00bb _builder_version=\u00bb4.27.4&#8243; _module_preset=\u00bbdefault\u00bb][et_pb_row _builder_version=\u00bb4.27.4&#8243; _module_preset=\u00bbdefault\u00bb theme_builder_area=\u00bbpost_content\u00bb][et_pb_column _builder_version=\u00bb4.27.4&#8243; _module_preset=\u00bbdefault\u00bb type=\u00bb4_4&#8243; theme_builder_area=\u00bbpost_content\u00bb][et_pb_text _builder_version=\u00bb4.27.4&#8243; _module_preset=\u00bbdefault\u00bb theme_builder_area=\u00bbpost_content\u00bb hover_enabled=\u00bb0&#8243; sticky_enabled=\u00bb0&#8243;]<\/p>\n<h1>Denuncia mediante reuni\u00f3n presencial<\/h1>\n<p>EDUQA TRABAJO Y FAMILIA pone a su disposici\u00f3n la posibilidad de celebraci\u00f3n de una reuni\u00f3n presencial con el responsable del sistema.<\/p>\n<p>[\/et_pb_text][et_pb_code _builder_version=\u00bb4.27.4&#8243; _module_preset=\u00bbdefault\u00bb theme_builder_area=\u00bbpost_content\u00bb hover_enabled=\u00bb0&#8243; sticky_enabled=\u00bb0&#8243;]\n<div class=\"wpcf7 no-js\" id=\"wpcf7-f5596-o1\" lang=\"es-ES\" dir=\"ltr\" data-wpcf7-id=\"5596\">\n<div class=\"screen-reader-response\"><p role=\"status\" aria-live=\"polite\" aria-atomic=\"true\"><\/p> <ul><\/ul><\/div>\n<form action=\"\/en\/wp-json\/wp\/v2\/pages\/5606#wpcf7-f5596-o1\" method=\"post\" class=\"wpcf7-form init\" aria-label=\"Formulario de contacto\" novalidate=\"novalidate\" data-status=\"init\">\n<fieldset class=\"hidden-fields-container\"><input type=\"hidden\" name=\"_wpcf7\" value=\"5596\" \/><input type=\"hidden\" name=\"_wpcf7_version\" value=\"6.1.5\" \/><input type=\"hidden\" name=\"_wpcf7_locale\" value=\"es_ES\" \/><input type=\"hidden\" name=\"_wpcf7_unit_tag\" value=\"wpcf7-f5596-o1\" \/><input type=\"hidden\" name=\"_wpcf7_container_post\" value=\"0\" \/><input type=\"hidden\" name=\"_wpcf7_posted_data_hash\" value=\"\" \/>\n<\/fieldset>\n<p> Si desea formular su denuncia mediante una reuni\u00f3n presencial, indique por favor su n\u00famero de tel\u00e9fono y correo electr\u00f3nico, as\u00ed como el medio en el que desea ser contactado de forma preferente. El responsable del sistema se pondr\u00e1 en contacto con usted a la mayor brevedad para concertar una entrevista.  <\/p>\n     <span class=\"wpcf7-form-control-wrap\" data-name=\"denuncia\"><textarea cols=\"40\" rows=\"10\" maxlength=\"2000\" class=\"wpcf7-form-control wpcf7-textarea\" aria-invalid=\"false\" name=\"denuncia\"><\/textarea><\/span>\n\n<br><button class=\"wpcf7-form-control wpcf7-submit has-spinner et_pb_button et_pb_bg_layout_light\" type=\"submit\" value=\"Enviar\">Enviar<\/button>\n\n<p>Este formulario usa Akismet para reducir el spam. <a target=\"_blank\" rel=\"nofollow noopener\" href=\"https:\/\/akismet.com\/privacy\/\">Aprende c\u00f3mo se procesan tus datos.<\/a><\/p><div class=\"wpcf7-response-output\" aria-hidden=\"true\"><\/div>\n<\/form>\n<\/div>\n[\/et_pb_code][\/et_pb_column][\/et_pb_row][\/et_pb_section]<\/p>\n","protected":false},"excerpt":{"rendered":"<p>Denuncia mediante reuni\u00f3n presencial EDUQA TRABAJO Y FAMILIA pone a su disposici\u00f3n la posibilidad de celebraci\u00f3n de una reuni\u00f3n presencial con el responsable del sistema.\n<div class=\"wpcf7 no-js\" id=\"wpcf7-f5596-o2\" lang=\"es-ES\" dir=\"ltr\" data-wpcf7-id=\"5596\">\n<div class=\"screen-reader-response\"><p role=\"status\" aria-live=\"polite\" aria-atomic=\"true\"><\/p> <ul><\/ul><\/div>\n<form action=\"\/en\/wp-json\/wp\/v2\/pages\/5606#wpcf7-f5596-o2\" method=\"post\" class=\"wpcf7-form init\" aria-label=\"Formulario de contacto\" novalidate=\"novalidate\" data-status=\"init\" data-trp-original-action=\"\/en\/wp-json\/wp\/v2\/pages\/5606#wpcf7-f5596-o2\">\n<fieldset class=\"hidden-fields-container\"><input type=\"hidden\" name=\"_wpcf7\" value=\"5596\" \/><input type=\"hidden\" name=\"_wpcf7_version\" value=\"6.1.5\" \/><input type=\"hidden\" name=\"_wpcf7_locale\" value=\"es_ES\" \/><input type=\"hidden\" name=\"_wpcf7_unit_tag\" value=\"wpcf7-f5596-o2\" \/><input type=\"hidden\" name=\"_wpcf7_container_post\" value=\"0\" \/><input type=\"hidden\" name=\"_wpcf7_posted_data_hash\" value=\"\" \/>\n<\/fieldset>\n<p> Si desea formular su denuncia mediante una reuni\u00f3n presencial, indique por favor su n\u00famero de tel\u00e9fono y correo electr\u00f3nico, as\u00ed como el medio en el que desea ser contactado de forma preferente. El responsable del sistema se pondr\u00e1 en contacto con usted a la mayor brevedad para concertar una entrevista.  <\/p>\n     <span class=\"wpcf7-form-control-wrap\" data-name=\"denuncia\"><textarea cols=\"40\" rows=\"10\" maxlength=\"2000\" class=\"wpcf7-form-control wpcf7-textarea\" aria-invalid=\"false\" name=\"denuncia\"><\/textarea><\/span>\n\n<br><button class=\"wpcf7-form-control wpcf7-submit has-spinner et_pb_button et_pb_bg_layout_light\" type=\"submit\" value=\"Enviar\">Enviar<\/button>\n\n<p>Este formulario usa Akismet para reducir el spam. <a target=\"_blank\" rel=\"nofollow noopener\" href=\"https:\/\/akismet.com\/privacy\/\">Aprende c\u00f3mo se procesan tus datos.<\/a><\/p><div class=\"wpcf7-response-output\" aria-hidden=\"true\"><\/div>\n<input type=\"hidden\" name=\"trp-form-language\" value=\"en\"\/><\/form>\n<\/div>\n<\/p>","protected":false},"author":17,"featured_media":0,"parent":0,"menu_order":0,"comment_status":"closed","ping_status":"closed","template":"","meta":{"_et_pb_use_builder":"on","_et_pb_old_content":"","_et_gb_content_width":"","_monsterinsights_skip_tracking":false,"_monsterinsights_sitenote_active":false,"_monsterinsights_sitenote_note":"","_monsterinsights_sitenote_category":0,"footnotes":""},"class_list":["post-5606","page","type-page","status-publish","hentry"],"_links":{"self":[{"href":"https:\/\/www.eduqaterapias.es\/en\/wp-json\/wp\/v2\/pages\/5606","targetHints":{"allow":["GET"]}}],"collection":[{"href":"https:\/\/www.eduqaterapias.es\/en\/wp-json\/wp\/v2\/pages"}],"about":[{"href":"https:\/\/www.eduqaterapias.es\/en\/wp-json\/wp\/v2\/types\/page"}],"author":[{"embeddable":true,"href":"https:\/\/www.eduqaterapias.es\/en\/wp-json\/wp\/v2\/users\/17"}],"replies":[{"embeddable":true,"href":"https:\/\/www.eduqaterapias.es\/en\/wp-json\/wp\/v2\/comments?post=5606"}],"version-history":[{"count":2,"href":"https:\/\/www.eduqaterapias.es\/en\/wp-json\/wp\/v2\/pages\/5606\/revisions"}],"predecessor-version":[{"id":5609,"href":"https:\/\/www.eduqaterapias.es\/en\/wp-json\/wp\/v2\/pages\/5606\/revisions\/5609"}],"wp:attachment":[{"href":"https:\/\/www.eduqaterapias.es\/en\/wp-json\/wp\/v2\/media?parent=5606"}],"curies":[{"name":"wp","href":"https:\/\/api.w.org\/{rel}","templated":true}]}}

Denuncia mediante reunión presencial

<p>[et_pb_section fb_built=»1&#8243; theme_builder_area=»post_content» _builder_version=»4.27.4&#8243; _module_preset=»default»][et_pb_row _builder_version=»4.27.4&#8243; _module_preset=»default» theme_builder_area=»post_content»][et_pb_column _builder_version=»4.27.4&#8243; _module_preset=»default» type=»4_4&#8243; theme_builder_area=»post_content»][et_pb_text _builder_version=»4.27.4&#8243; _module_preset=»default» theme_builder_area=»post_content» hover_enabled=»0&#8243; sticky_enabled=»0&#8243;]</p>
<h1>Denuncia mediante reunión presencial</h1>
<p>EDUQA TRABAJO Y FAMILIA pone a su disposición la posibilidad de celebración de una reunión presencial con el responsable del sistema.</p>
<p>[/et_pb_text][et_pb_code _builder_version=»4.27.4&#8243; _module_preset=»default» theme_builder_area=»post_content» hover_enabled=»0&#8243; sticky_enabled=»0&#8243;]
<div class="wpcf7 no-js" id="wpcf7-f5596-o1" lang="es-ES" dir="ltr" data-wpcf7-id="5596">
<div class="screen-reader-response"><p role="status" aria-live="polite" aria-atomic="true"></p> <ul></ul></div>
<form action="/en/wp-json/wp/v2/pages/5606#wpcf7-f5596-o1" method="post" class="wpcf7-form init" aria-label="Formulario de contacto" novalidate="novalidate" data-status="init">
<fieldset class="hidden-fields-container"><input type="hidden" name="_wpcf7" value="5596" /><input type="hidden" name="_wpcf7_version" value="6.1.5" /><input type="hidden" name="_wpcf7_locale" value="es_ES" /><input type="hidden" name="_wpcf7_unit_tag" value="wpcf7-f5596-o1" /><input type="hidden" name="_wpcf7_container_post" value="0" /><input type="hidden" name="_wpcf7_posted_data_hash" value="" />
</fieldset>
<p> Si desea formular su denuncia mediante una reunión presencial, indique por favor su número de teléfono y correo electrónico, así como el medio en el que desea ser contactado de forma preferente. El responsable del sistema se pondrá en contacto con usted a la mayor brevedad para concertar una entrevista.  </p>
     <span class="wpcf7-form-control-wrap" data-name="denuncia"><textarea cols="40" rows="10" maxlength="2000" class="wpcf7-form-control wpcf7-textarea" aria-invalid="false" name="denuncia"></textarea></span>

<br><button class="wpcf7-form-control wpcf7-submit has-spinner et_pb_button et_pb_bg_layout_light" type="submit" value="Enviar">Enviar</button>

<p>Este formulario usa Akismet para reducir el spam. <a target="_blank" rel="nofollow noopener" href="https://akismet.com/privacy/">Aprende cómo se procesan tus datos.</a></p><div class="wpcf7-response-output" aria-hidden="true"></div>
</form>
</div>
[/et_pb_code][/et_pb_column][/et_pb_row][/et_pb_section]</p>

<p>Denuncia mediante reunión presencial EDUQA TRABAJO Y FAMILIA pone a su disposición la posibilidad de celebración de una reunión presencial con el responsable del sistema.
<div class="wpcf7 no-js" id="wpcf7-f5596-o2" lang="es-ES" dir="ltr" data-wpcf7-id="5596">
<div class="screen-reader-response"><p role="status" aria-live="polite" aria-atomic="true"></p> <ul></ul></div>
<form action="/en/wp-json/wp/v2/pages/5606#wpcf7-f5596-o2" method="post" class="wpcf7-form init" aria-label="Formulario de contacto" novalidate="novalidate" data-status="init" data-trp-original-action="/en/wp-json/wp/v2/pages/5606#wpcf7-f5596-o2">
<fieldset class="hidden-fields-container"><input type="hidden" name="_wpcf7" value="5596" /><input type="hidden" name="_wpcf7_version" value="6.1.5" /><input type="hidden" name="_wpcf7_locale" value="es_ES" /><input type="hidden" name="_wpcf7_unit_tag" value="wpcf7-f5596-o2" /><input type="hidden" name="_wpcf7_container_post" value="0" /><input type="hidden" name="_wpcf7_posted_data_hash" value="" />
</fieldset>
<p> Si desea formular su denuncia mediante una reunión presencial, indique por favor su número de teléfono y correo electrónico, así como el medio en el que desea ser contactado de forma preferente. El responsable del sistema se pondrá en contacto con usted a la mayor brevedad para concertar una entrevista.  </p>
     <span class="wpcf7-form-control-wrap" data-name="denuncia"><textarea cols="40" rows="10" maxlength="2000" class="wpcf7-form-control wpcf7-textarea" aria-invalid="false" name="denuncia"></textarea></span>

<br><button class="wpcf7-form-control wpcf7-submit has-spinner et_pb_button et_pb_bg_layout_light" type="submit" value="Enviar">Enviar</button>

<p>Este formulario usa Akismet para reducir el spam. <a target="_blank" rel="nofollow noopener" href="https://akismet.com/privacy/">Aprende cómo se procesan tus datos.</a></p><div class="wpcf7-response-output" aria-hidden="true"></div>
<input type="hidden" name="trp-form-language" value="en"/></form>
</div>
</p>
