{"id":5597,"date":"2026-03-09T16:15:18","date_gmt":"2026-03-09T16:15:18","guid":{"rendered":"https:\/\/www.eduqaterapias.es\/?page_id=5597"},"modified":"2026-03-10T17:17:41","modified_gmt":"2026-03-10T17:17:41","slug":"canal-etico","status":"publish","type":"page","link":"https:\/\/www.eduqaterapias.es\/en\/canal-etico\/","title":{"rendered":"Canal \u00e9tico"},"content":{"rendered":"<p>[et_pb_section fb_built=\u00bb1&#8243; _builder_version=\u00bb4.27.4&#8243; _module_preset=\u00bbdefault\u00bb global_colors_info=\u00bb{}\u00bb][et_pb_row _builder_version=\u00bb4.27.4&#8243; _module_preset=\u00bbdefault\u00bb global_colors_info=\u00bb{}\u00bb][et_pb_column type=\u00bb4_4&#8243; _builder_version=\u00bb4.27.4&#8243; _module_preset=\u00bbdefault\u00bb global_colors_info=\u00bb{}\u00bb][et_pb_text _builder_version=\u00bb4.27.4&#8243; _module_preset=\u00bbdefault\u00bb global_colors_info=\u00bb{}\u00bb]<\/p>\n<h1>Canal \u00c9tico Eduqa<\/h1>\n<p>EDUQA TRABAJO Y FAMILIA ha habilitado el canal de denuncias como mecanismo para comunicar aquellos hechos o comportamientos que pudieran suponer una contravenci\u00f3n de las disposiciones legales vigentes, de la normativa y procedimientos internos, o de los que pueda revelarse la comisi\u00f3n de un il\u00edcito administrativo o penal, que fueran detectados en el contexto de la actividad profesional.<\/p>\n<p>El canal de denuncias ser\u00e1 de uso preferente por todos los empleados, directivos y \u00f3rganos de administraci\u00f3n de EDUQA TRABAJO Y FAMILIA. Asimismo, el canal de denuncias ha sido habilitado para recibir comunicaciones de terceros, tales como familiares, proveedores, becarios, aspirantes a empleo, trabajadores en periodos de formaci\u00f3n, aut\u00f3nomos, contratistas, subcontratistas o profesionales cuya relaci\u00f3n con la Sociedad ya hubiera finalizado, as\u00ed como a los representantes legales de las personas trabajadoras en el ejercicio de sus funciones de asesoramiento y apoyo al informante.<\/p>\n<p>El sistema ha sido dise\u00f1ado para permitir la formulaci\u00f3n de denuncias an\u00f3nimas. No obstante, en los casos en los que el denunciante desee facilitar su identidad, esta ser\u00e1 tratada con absoluta confidencialidad y solo podr\u00e1 ser comunicada, en su caso, a la autoridad judicial, al Ministerio Fiscal o a la autoridad administrativa competente en el marco de una investigaci\u00f3n penal, disciplinaria o sancionadora.<\/p>\n<p>Qui\u00e9n formule la denuncia deber\u00e1 responder, al menos, los campos obligatorios del formulario, recomend\u00e1ndose incluir el mayor detalle posible de los hechos, pudi\u00e9ndose adjuntar cuantos documentos se consideren oportunos.<\/p>\n<p>El Responsable del Sistema adoptar\u00e1 las medidas de investigaci\u00f3n oportunas en orden al esclarecimiento de los hechos denunciados, conforme a la metodolog\u00eda y plazos previstos en la normativa interna y legislaci\u00f3n vigente, pudiendo ponerse en contacto con el denunciante (si este as\u00ed lo permite) para recabar aclaraciones o mayor detalle sobre los hechos denunciados.<\/p>\n<p>EDUQA TRABAJO Y FAMILIA no tolerar\u00e1 represalias contra quienes hubieran realizado una comunicaci\u00f3n de buena fe a trav\u00e9s del canal de denuncias. EDUQA TRABAJO Y FAMILIA adoptar\u00e1 las medidas que resulten necesarias, atendiendo a las circunstancias concurrentes, para proteger al denunciante de buena fe y reaccionar ante cualquier forma de represalia.<\/p>\n<p>En todo caso, durante la tramitaci\u00f3n del proceso, EDUQA TRABAJO Y FAMILIA velar\u00e1 por el respeto a la intimidad, la presunci\u00f3n de inocencia y el honor de las personas afectadas, conforme al marco legal vigente.<\/p>\n<p>Para m\u00e1s informaci\u00f3n, puede consultar la Pol\u00edtica \/ Procedimiento del Canal de Denuncias en el siguiente enlace:<\/p>\n<p><a href=\"http:\/\/www.eduqaterapias.es\/wp-content\/uploads\/2026\/03\/20251222_Eduqa-Trabajo-y-Familia_Politica-del-Canal-de-Denuncias.pdf\">Descarga el Procedimiento del Canal de Denuncias.<\/a><\/p>\n<p>[\/et_pb_text][et_pb_text _builder_version=\u00bb4.27.4&#8243; _module_preset=\u00bbdefault\u00bb global_colors_info=\u00bb{}\u00bb]<\/p>\n<h2>Denuncia por escrito<\/h2>\n<p>Los usuarios que deseen formular una denuncia por escrito deber\u00e1n completar el formulario proporcionado por EDUQA TRABAJO Y FAMILIA a tales efectos, disponible en el siguiente enlace.<\/p>\n<p><a href=\"https:\/\/www.eduqaterapias.es\/denuncia-por-escrito\/\" target=\"_blank\" rel=\"noopener\">Enlace al formulario online<\/a><\/p>\n<p>[\/et_pb_text][et_pb_text _builder_version=\u00bb4.27.4&#8243; _module_preset=\u00bbdefault\u00bb global_colors_info=\u00bb{}\u00bb]<\/p>\n<h2>Denuncia mediante reuni\u00f3n presencial<\/h2>\n<p>Si desea presentar una denuncia mediante reuni\u00f3n presencial, puede solicitarlo en el siguiente enlace.<\/p>\n<p><a href=\"https:\/\/www.eduqaterapias.es\/denuncia-mediante-reunion-presencial\/\">Enlace para solicitar una reuni\u00f3n presencial.<\/a><\/p>\n<p>[\/et_pb_text][et_pb_text _builder_version=\u00bb4.27.4&#8243; _module_preset=\u00bbdefault\u00bb global_colors_info=\u00bb{}\u00bb]<\/p>\n<h2>Aviso en materia de protecci\u00f3n de datos<\/h2>\n<p>EDUQA TRABAJO Y FAMILIA como responsable del tratamiento, trata los datos personales en su canal de denuncias para tramitar las comunicaciones que se presenten e investigar los hechos que se le reporten, incluyendo tanto los datos personales del denunciante como de la(s) persona(s) denunciada(s) y testigo(s). Si se ha identificado al informar de unos hechos, su identidad permanecer\u00e1 reservada, sin que se comunique a las personas a las que se refieren los hechos. Los datos personales proporcionados se conservar\u00e1n mientras sean necesarios para la gesti\u00f3n del expediente e investigaci\u00f3n, as\u00ed como para el cumplimiento de las obligaciones legales aplicables. Si fuera necesario o existiera una obligaci\u00f3n legal de hacerlo, los datos personales necesarios ser\u00e1n comunicados para la adopci\u00f3n de medidas correctoras o la tramitaci\u00f3n de procedimientos sancionadores o penales. No se prev\u00e9n transferencias internacionales de datos. Puede ejercer sus derechos en protecci\u00f3n de datos y obtener m\u00e1s informaci\u00f3n sobre protecci\u00f3n de datos en <a href=\"https:\/\/www.eduqaterapias.es\/politica-privacidad\/\">nuestra pol\u00edtica de privacidad<\/a> donde puede consultar la restante informaci\u00f3n sobre el tratamiento de datos personales.<\/p>\n<p>[\/et_pb_text][\/et_pb_column][\/et_pb_row][\/et_pb_section]<\/p>\n","protected":false},"excerpt":{"rendered":"<p>Canal \u00c9tico Eduqa EDUQA TRABAJO Y FAMILIA ha habilitado el canal de denuncias como mecanismo para comunicar aquellos hechos o comportamientos que pudieran suponer una contravenci\u00f3n de las disposiciones legales vigentes, de la normativa y procedimientos internos, o de los que pueda revelarse la comisi\u00f3n de un il\u00edcito administrativo o penal, que fueran detectados en [&hellip;]<\/p>\n","protected":false},"author":17,"featured_media":0,"parent":0,"menu_order":0,"comment_status":"closed","ping_status":"closed","template":"","meta":{"_et_pb_use_builder":"on","_et_pb_old_content":"","_et_gb_content_width":"","_monsterinsights_skip_tracking":false,"_monsterinsights_sitenote_active":false,"_monsterinsights_sitenote_note":"","_monsterinsights_sitenote_category":0,"footnotes":""},"class_list":["post-5597","page","type-page","status-publish","hentry"],"_links":{"self":[{"href":"https:\/\/www.eduqaterapias.es\/en\/wp-json\/wp\/v2\/pages\/5597","targetHints":{"allow":["GET"]}}],"collection":[{"href":"https:\/\/www.eduqaterapias.es\/en\/wp-json\/wp\/v2\/pages"}],"about":[{"href":"https:\/\/www.eduqaterapias.es\/en\/wp-json\/wp\/v2\/types\/page"}],"author":[{"embeddable":true,"href":"https:\/\/www.eduqaterapias.es\/en\/wp-json\/wp\/v2\/users\/17"}],"replies":[{"embeddable":true,"href":"https:\/\/www.eduqaterapias.es\/en\/wp-json\/wp\/v2\/comments?post=5597"}],"version-history":[{"count":6,"href":"https:\/\/www.eduqaterapias.es\/en\/wp-json\/wp\/v2\/pages\/5597\/revisions"}],"predecessor-version":[{"id":5617,"href":"https:\/\/www.eduqaterapias.es\/en\/wp-json\/wp\/v2\/pages\/5597\/revisions\/5617"}],"wp:attachment":[{"href":"https:\/\/www.eduqaterapias.es\/en\/wp-json\/wp\/v2\/media?parent=5597"}],"curies":[{"name":"wp","href":"https:\/\/api.w.org\/{rel}","templated":true}]}}

Canal ético

<p>[et_pb_section fb_built=»1&#8243; _builder_version=»4.27.4&#8243; _module_preset=»default» global_colors_info=»{}»][et_pb_row _builder_version=»4.27.4&#8243; _module_preset=»default» global_colors_info=»{}»][et_pb_column type=»4_4&#8243; _builder_version=»4.27.4&#8243; _module_preset=»default» global_colors_info=»{}»][et_pb_text _builder_version=»4.27.4&#8243; _module_preset=»default» global_colors_info=»{}»]</p>
<h1>Canal Ético Eduqa</h1>
<p>EDUQA TRABAJO Y FAMILIA ha habilitado el canal de denuncias como mecanismo para comunicar aquellos hechos o comportamientos que pudieran suponer una contravención de las disposiciones legales vigentes, de la normativa y procedimientos internos, o de los que pueda revelarse la comisión de un ilícito administrativo o penal, que fueran detectados en el contexto de la actividad profesional.</p>
<p>El canal de denuncias será de uso preferente por todos los empleados, directivos y órganos de administración de EDUQA TRABAJO Y FAMILIA. Asimismo, el canal de denuncias ha sido habilitado para recibir comunicaciones de terceros, tales como familiares, proveedores, becarios, aspirantes a empleo, trabajadores en periodos de formación, autónomos, contratistas, subcontratistas o profesionales cuya relación con la Sociedad ya hubiera finalizado, así como a los representantes legales de las personas trabajadoras en el ejercicio de sus funciones de asesoramiento y apoyo al informante.</p>
<p>El sistema ha sido diseñado para permitir la formulación de denuncias anónimas. No obstante, en los casos en los que el denunciante desee facilitar su identidad, esta será tratada con absoluta confidencialidad y solo podrá ser comunicada, en su caso, a la autoridad judicial, al Ministerio Fiscal o a la autoridad administrativa competente en el marco de una investigación penal, disciplinaria o sancionadora.</p>
<p>Quién formule la denuncia deberá responder, al menos, los campos obligatorios del formulario, recomendándose incluir el mayor detalle posible de los hechos, pudiéndose adjuntar cuantos documentos se consideren oportunos.</p>
<p>El Responsable del Sistema adoptará las medidas de investigación oportunas en orden al esclarecimiento de los hechos denunciados, conforme a la metodología y plazos previstos en la normativa interna y legislación vigente, pudiendo ponerse en contacto con el denunciante (si este así lo permite) para recabar aclaraciones o mayor detalle sobre los hechos denunciados.</p>
<p>EDUQA TRABAJO Y FAMILIA no tolerará represalias contra quienes hubieran realizado una comunicación de buena fe a través del canal de denuncias. EDUQA TRABAJO Y FAMILIA adoptará las medidas que resulten necesarias, atendiendo a las circunstancias concurrentes, para proteger al denunciante de buena fe y reaccionar ante cualquier forma de represalia.</p>
<p>En todo caso, durante la tramitación del proceso, EDUQA TRABAJO Y FAMILIA velará por el respeto a la intimidad, la presunción de inocencia y el honor de las personas afectadas, conforme al marco legal vigente.</p>
<p>Para más información, puede consultar la Política / Procedimiento del Canal de Denuncias en el siguiente enlace:</p>
<p><a href="http://www.eduqaterapias.es/wp-content/uploads/2026/03/20251222_Eduqa-Trabajo-y-Familia_Politica-del-Canal-de-Denuncias.pdf">Descarga el Procedimiento del Canal de Denuncias.</a></p>
<p>[/et_pb_text][et_pb_text _builder_version=»4.27.4&#8243; _module_preset=»default» global_colors_info=»{}»]</p>
<h2>Denuncia por escrito</h2>
<p>Los usuarios que deseen formular una denuncia por escrito deberán completar el formulario proporcionado por EDUQA TRABAJO Y FAMILIA a tales efectos, disponible en el siguiente enlace.</p>
<p><a href="https://www.eduqaterapias.es/denuncia-por-escrito/" target="_blank" rel="noopener">Enlace al formulario online</a></p>
<p>[/et_pb_text][et_pb_text _builder_version=»4.27.4&#8243; _module_preset=»default» global_colors_info=»{}»]</p>
<h2>Denuncia mediante reunión presencial</h2>
<p>Si desea presentar una denuncia mediante reunión presencial, puede solicitarlo en el siguiente enlace.</p>
<p><a href="https://www.eduqaterapias.es/denuncia-mediante-reunion-presencial/">Enlace para solicitar una reunión presencial.</a></p>
<p>[/et_pb_text][et_pb_text _builder_version=»4.27.4&#8243; _module_preset=»default» global_colors_info=»{}»]</p>
<h2>Aviso en materia de protección de datos</h2>
<p>EDUQA TRABAJO Y FAMILIA como responsable del tratamiento, trata los datos personales en su canal de denuncias para tramitar las comunicaciones que se presenten e investigar los hechos que se le reporten, incluyendo tanto los datos personales del denunciante como de la(s) persona(s) denunciada(s) y testigo(s). Si se ha identificado al informar de unos hechos, su identidad permanecerá reservada, sin que se comunique a las personas a las que se refieren los hechos. Los datos personales proporcionados se conservarán mientras sean necesarios para la gestión del expediente e investigación, así como para el cumplimiento de las obligaciones legales aplicables. Si fuera necesario o existiera una obligación legal de hacerlo, los datos personales necesarios serán comunicados para la adopción de medidas correctoras o la tramitación de procedimientos sancionadores o penales. No se prevén transferencias internacionales de datos. Puede ejercer sus derechos en protección de datos y obtener más información sobre protección de datos en <a href="https://www.eduqaterapias.es/politica-privacidad/">nuestra política de privacidad</a> donde puede consultar la restante información sobre el tratamiento de datos personales.</p>
<p>[/et_pb_text][/et_pb_column][/et_pb_row][/et_pb_section]</p>

<p>Canal Ético Eduqa EDUQA TRABAJO Y FAMILIA ha habilitado el canal de denuncias como mecanismo para comunicar aquellos hechos o comportamientos que pudieran suponer una contravención de las disposiciones legales vigentes, de la normativa y procedimientos internos, o de los que pueda revelarse la comisión de un ilícito administrativo o penal, que fueran detectados en [&hellip;]</p>
