{"id":3604,"date":"2022-07-19T16:08:01","date_gmt":"2022-07-19T16:08:01","guid":{"rendered":"http:\/\/www.eduqaterapias.es\/?page_id=3604"},"modified":"2024-02-12T14:00:30","modified_gmt":"2024-02-12T14:00:30","slug":"carta-de-jaime","status":"publish","type":"page","link":"https:\/\/www.eduqaterapias.es\/en\/carta-de-jaime\/","title":{"rendered":"Carta de Jaime"},"content":{"rendered":"<p>[et_pb_section fb_built=\u00bb1&#8243; make_equal=\u00bbon\u00bb specialty=\u00bbon\u00bb background_color_2=\u00bb#141617&#8243; padding_top_1=\u00bb12vw\u00bb padding_right_2=\u00bb5vw\u00bb padding_bottom_1=\u00bb80px\u00bb padding_left_1=\u00bb10vw\u00bb padding_1_tablet=\u00bb40px||0px|\u00bb padding_1_phone=\u00bb\u00bb padding_1_last_edited=\u00bbon|tablet\u00bb admin_label=\u00bbHeader\u00bb _builder_version=\u00bb4.17.3&#8243; _module_preset=\u00bbdefault\u00bb background_color=\u00bb#ac1f2d\u00bb inner_width=\u00bb100%\u00bb inner_max_width=\u00bb100%\u00bb custom_margin=\u00bb||156px|||\u00bb custom_margin_tablet=\u00bb||0px\u00bb custom_margin_phone=\u00bb\u00bb custom_margin_last_edited=\u00bbon|desktop\u00bb custom_padding=\u00bb0px||0px||true\u00bb box_shadow_style=\u00bbpreset7&#8243; box_shadow_horizontal=\u00bb0px\u00bb box_shadow_vertical=\u00bb-80px\u00bb box_shadow_color=\u00bb#ffffff\u00bb locked=\u00bboff\u00bb global_colors_info=\u00bb{}\u00bb][et_pb_column type=\u00bb1_2&#8243; _builder_version=\u00bb4.16&#8243; _module_preset=\u00bbdefault\u00bb custom_padding=\u00bb|||\u00bb global_colors_info=\u00bb{}\u00bb custom_padding__hover=\u00bb|||\u00bb][et_pb_text _builder_version=\u00bb4.17.6&#8243; _module_preset=\u00bbdefault\u00bb text_font=\u00bbMontserrat||||||||\u00bb text_letter_spacing=\u00bb3px\u00bb header_font=\u00bbVAGRoundedStd|700|||||||\u00bb header_font_size=\u00bb6vw\u00bb header_letter_spacing=\u00bb-3px\u00bb header_line_height=\u00bb0.9em\u00bb header_2_font=\u00bbMontserrat|||on|||||\u00bb header_2_font_size=\u00bb24px\u00bb header_2_letter_spacing=\u00bb2px\u00bb header_2_line_height=\u00bb1.8em\u00bb background_layout=\u00bbdark\u00bb header_2_font_size_tablet=\u00bb14px\u00bb header_2_font_size_phone=\u00bb\u00bb header_2_font_size_last_edited=\u00bbon|tablet\u00bb global_colors_info=\u00bb{}\u00bb]<\/p>\n<h2>Jaime Alonso-I\u00f1arra<\/h2>\n<h1>C\u00f3mo naci\u00f3 Grupo eduqa<\/h1>\n<p>[\/et_pb_text][\/et_pb_column][et_pb_column type=\u00bb1_2&#8243; specialty_columns=\u00bb2&#8243; _builder_version=\u00bb4.16&#8243; _module_preset=\u00bbdefault\u00bb custom_padding=\u00bb|||\u00bb global_colors_info=\u00bb{}\u00bb custom_padding__hover=\u00bb|||\u00bb][et_pb_row_inner _builder_version=\u00bb4.16&#8243; _module_preset=\u00bbdefault\u00bb transform_scale_tablet=\u00bb\u00bb transform_scale_phone=\u00bb\u00bb transform_scale_last_edited=\u00bbon|desktop\u00bb transform_translate=\u00bb-50%|0px\u00bb transform_translate_tablet=\u00bb0%|-50%\u00bb transform_translate_phone=\u00bb\u00bb transform_translate_last_edited=\u00bbon|desktop\u00bb transform_translate_linked=\u00bboff\u00bb transform_rotate_tablet=\u00bb\u00bb transform_rotate_phone=\u00bb\u00bb transform_rotate_last_edited=\u00bbon|desktop\u00bb transform_skew_tablet=\u00bb\u00bb transform_skew_phone=\u00bb\u00bb transform_skew_last_edited=\u00bbon|desktop\u00bb transform_origin_tablet=\u00bb\u00bb transform_origin_phone=\u00bb\u00bb transform_origin_last_edited=\u00bbon|desktop\u00bb transform_styles_last_edited=\u00bbon|desktop\u00bb width=\u00bb150%\u00bb width_tablet=\u00bb\u00bb width_phone=\u00bb\u00bb width_last_edited=\u00bbon|tablet\u00bb custom_margin=\u00bb||170px|||\u00bb custom_margin_tablet=\u00bb||0px\u00bb custom_margin_phone=\u00bb\u00bb custom_margin_last_edited=\u00bbon|desktop\u00bb custom_padding=\u00bb0px||0px|||\u00bb transform_styles_tablet=\u00bb\u00bb transform_styles_phone=\u00bb\u00bb global_colors_info=\u00bb{}\u00bb][et_pb_column_inner saved_specialty_column_type=\u00bb1_2&#8243; _builder_version=\u00bb4.16&#8243; _module_preset=\u00bbdefault\u00bb custom_padding=\u00bb|||\u00bb global_colors_info=\u00bb{}\u00bb custom_padding__hover=\u00bb|||\u00bb][\/et_pb_column_inner][\/et_pb_row_inner][et_pb_row_inner _builder_version=\u00bb4.16&#8243; _module_preset=\u00bbdefault\u00bb use_background_color_gradient=\u00bbon\u00bb background_color_gradient_direction=\u00bb162deg\u00bb background_color_gradient_stops=\u00bb#fd7b5b 0%|#a92200 100%\u00bb background_color_gradient_start=\u00bb#fd7b5b\u00bb background_color_gradient_end=\u00bb#a92200&#8243; max_width_tablet=\u00bb500px\u00bb max_width_phone=\u00bb400px\u00bb max_width_last_edited=\u00bbon|phone\u00bb custom_margin=\u00bb80px|||\u00bb custom_padding=\u00bb0px|0px|0px|||\u00bb global_colors_info=\u00bb{}\u00bb][et_pb_column_inner saved_specialty_column_type=\u00bb1_2&#8243; _builder_version=\u00bb4.16&#8243; _module_preset=\u00bbdefault\u00bb custom_padding=\u00bb|||\u00bb global_colors_info=\u00bb{}\u00bb custom_padding__hover=\u00bb|||\u00bb][et_pb_image src=\u00bbhttp:\/\/www.eduqaterapias.es\/wp-content\/uploads\/2022\/07\/JAI-web-eduqa1.jpeg\u00bb title_text=\u00bbJAI web eduqa(1)\u00bb force_fullwidth=\u00bbon\u00bb align_tablet=\u00bbcenter\u00bb align_phone=\u00bbcenter\u00bb align_last_edited=\u00bbon|desktop\u00bb _builder_version=\u00bb4.17.3&#8243; _module_preset=\u00bbdefault\u00bb background_image=\u00bbhttp:\/\/www.eduqaterapias.es\/wp-content\/uploads\/2022\/07\/actor-01.png\u00bb background_size=\u00bbinitial\u00bb background_position=\u00bbbottom_right\u00bb custom_margin=\u00bb-80px||-150px|||\u00bb custom_margin_tablet=\u00bb||0px\u00bb custom_margin_phone=\u00bb\u00bb custom_margin_last_edited=\u00bbon|desktop\u00bb custom_padding=\u00bb|40px|80px|||\u00bb custom_padding_tablet=\u00bb||\u00bb custom_padding_phone=\u00bb\u00bb custom_padding_last_edited=\u00bbon|desktop\u00bb box_shadow_style=\u00bbpreset1&#8243; box_shadow_vertical=\u00bb64px\u00bb box_shadow_blur=\u00bb64px\u00bb box_shadow_spread=\u00bb-12px\u00bb box_shadow_color=\u00bbrgba(20,22,23,0.59)\u00bb global_colors_info=\u00bb{}\u00bb][\/et_pb_image][\/et_pb_column_inner][\/et_pb_row_inner][\/et_pb_column][\/et_pb_section][et_pb_section fb_built=\u00bb1&#8243; admin_label=\u00bbAbout\u00bb _builder_version=\u00bb4.17.3&#8243; _module_preset=\u00bbdefault\u00bb custom_margin=\u00bb0px||||false|false\u00bb custom_padding=\u00bb3px|||||\u00bb locked=\u00bboff\u00bb global_colors_info=\u00bb{}\u00bb][et_pb_row _builder_version=\u00bb4.16&#8243; _module_preset=\u00bbdefault\u00bb global_colors_info=\u00bb{}\u00bb][et_pb_column type=\u00bb4_4&#8243; _builder_version=\u00bb4.16&#8243; _module_preset=\u00bbdefault\u00bb custom_padding=\u00bb|||\u00bb global_colors_info=\u00bb{}\u00bb custom_padding__hover=\u00bb|||\u00bb][et_pb_text _builder_version=\u00bb4.17.3&#8243; _module_preset=\u00bbdefault\u00bb text_font=\u00bb||on||||||\u00bb text_font_size=\u00bb16px\u00bb text_line_height=\u00bb2em\u00bb global_colors_info=\u00bb{}\u00bb]<\/p>\n<p>A mediados de los a\u00f1os 2000 nacieron mis dos hijos, en pleno verano sofocante madrile\u00f1o. Fue un embarazo muy duro para mi mujer pues, remolones, no quer\u00edan salir y a pesar de ser un embarazo gemelar se retrasaron una semana m\u00e1s all\u00e1 del t\u00e9rmino previsto.<\/p>\n<p>Aquel d\u00eda mi vida dio un giro de 180 grados. Yo siempre hab\u00eda sido una persona independiente y aventurera, viv\u00ed en varios pa\u00edses y me mov\u00eda ligero, pero ese d\u00eda una intensa sensaci\u00f3n de responsabilidad se apoder\u00f3 de m\u00ed. Una realidad patente, imponente y para siempre.<\/p>\n<p>Este fue mi regalo de cumplea\u00f1os, yo cumplo cinco d\u00edas despu\u00e9s, y como si me hubiesen tra\u00eddo un juguete muy deseado, me puse enseguida a leer el libro de instrucciones. Internet era un oc\u00e9ano lleno de toda la informaci\u00f3n que ansiaba conocer: fontanela, meconio, masaje Shantala, etc. un abanico de conceptos nuevos y un mundo, que al igual que mis hijos, comenzaba a crecer en m\u00ed.<\/p>\n<p>En seguida llegu\u00e9 a la parte educativa, porque siempre me hab\u00eda interesado, y en realidad era a lo que quer\u00eda dedicar mi vida, pero nunca hab\u00eda dado el paso. Me empape de modelos educativos, de neurolog\u00eda, del peso de los idiomas, de la psicomotricidad, de quienes eran y qu\u00e9 dec\u00edan Vigotsky, Steiner, Skinner, Montessori\u2026 y cargado con toda esta informaci\u00f3n sal\u00ed a buscar LA ESCUELA. Y fui a ver muchas, las m\u00e1s cercanas y tambi\u00e9n las m\u00e1s punteras del momento. Lo que encontr\u00e9 era muy desigual y sobretodo muy enfocado en el cuidado y poco en el aprendizaje; \u00a1no encontraba lo que yo buscaba!<\/p>\n<p>Fue en ese momento cuando decid\u00ed que, seguro que se pod\u00eda hacer algo m\u00e1s profesional, m\u00e1s centrado en la educaci\u00f3n: una educaci\u00f3n infantil que pusiese a los ni\u00f1os en lo m\u00e1s alto del caj\u00f3n a la hora de entrar en el colegio, en Primaria.<\/p>\n<p>Y as\u00ed naci\u00f3 eduqa. Lo primero que hicimos fue incorporar a los departamentos de did\u00e1ctica y teor\u00eda de la educaci\u00f3n de dos universidades madrile\u00f1as para elaborar un proyecto educativo completo, un proyecto que incorporase lo mejor de todas las corrientes educativas.<\/p>\n<p>Abrimos nuestro centro eduqa Las Tablas, y poco despu\u00e9s eduqa La Moraleja. En nuestro af\u00e1n por ofrecer a nuestros alumnos el mejor y m\u00e1s equilibrado desarrollo, incorporamos a una psicomotricista, luego una logopeda y una psic\u00f3loga. As\u00ed naci\u00f3 nuestro Centro de Terapias infantojuvenil que presta servicio a nuestros alumnos, y a muchos ni\u00f1os de otros centros educativos. Despu\u00e9s vino eduqa Valdebebas, y \u2026 \u00bfahora qu\u00e9? Ahora seguiremos trabajando en nuestra l\u00ednea, en educar a cada uno de nuestros ni\u00f1os para que pasen a Primaria seguros, motivados y con recursos, es decir, bien preparados y felices.<\/p>\n<p>[\/et_pb_text][\/et_pb_column][\/et_pb_row][\/et_pb_section]<\/p>\n","protected":false},"excerpt":{"rendered":"<p>Jaime Alonso-I\u00f1arra C\u00f3mo naci\u00f3 Grupo eduqaA mediados de los a\u00f1os 2000 nacieron mis dos hijos, en pleno verano sofocante madrile\u00f1o. Fue un embarazo muy duro para mi mujer pues, remolones, no quer\u00edan salir y a pesar de ser un embarazo gemelar se retrasaron una semana m\u00e1s all\u00e1 del t\u00e9rmino previsto. Aquel d\u00eda mi vida dio [&hellip;]<\/p>\n","protected":false},"author":17,"featured_media":0,"parent":0,"menu_order":0,"comment_status":"closed","ping_status":"closed","template":"","meta":{"_et_pb_use_builder":"on","_et_pb_old_content":"","_et_gb_content_width":"","_monsterinsights_skip_tracking":false,"_monsterinsights_sitenote_active":false,"_monsterinsights_sitenote_note":"","_monsterinsights_sitenote_category":0,"footnotes":""},"class_list":["post-3604","page","type-page","status-publish","hentry"],"_links":{"self":[{"href":"https:\/\/www.eduqaterapias.es\/en\/wp-json\/wp\/v2\/pages\/3604","targetHints":{"allow":["GET"]}}],"collection":[{"href":"https:\/\/www.eduqaterapias.es\/en\/wp-json\/wp\/v2\/pages"}],"about":[{"href":"https:\/\/www.eduqaterapias.es\/en\/wp-json\/wp\/v2\/types\/page"}],"author":[{"embeddable":true,"href":"https:\/\/www.eduqaterapias.es\/en\/wp-json\/wp\/v2\/users\/17"}],"replies":[{"embeddable":true,"href":"https:\/\/www.eduqaterapias.es\/en\/wp-json\/wp\/v2\/comments?post=3604"}],"version-history":[{"count":5,"href":"https:\/\/www.eduqaterapias.es\/en\/wp-json\/wp\/v2\/pages\/3604\/revisions"}],"predecessor-version":[{"id":5489,"href":"https:\/\/www.eduqaterapias.es\/en\/wp-json\/wp\/v2\/pages\/3604\/revisions\/5489"}],"wp:attachment":[{"href":"https:\/\/www.eduqaterapias.es\/en\/wp-json\/wp\/v2\/media?parent=3604"}],"curies":[{"name":"wp","href":"https:\/\/api.w.org\/{rel}","templated":true}]}}

<p>[et_pb_section fb_built=»1&#8243; make_equal=»on» specialty=»on» background_color_2=»#141617&#8243; padding_top_1=»12vw» padding_right_2=»5vw» padding_bottom_1=»80px» padding_left_1=»10vw» padding_1_tablet=»40px||0px|» padding_1_phone=»» padding_1_last_edited=»on|tablet» admin_label=»Header» _builder_version=»4.17.3&#8243; _module_preset=»default» background_color=»#ac1f2d» inner_width=»100%» inner_max_width=»100%» custom_margin=»||156px|||» custom_margin_tablet=»||0px» custom_margin_phone=»» custom_margin_last_edited=»on|desktop» custom_padding=»0px||0px||true» box_shadow_style=»preset7&#8243; box_shadow_horizontal=»0px» box_shadow_vertical=»-80px» box_shadow_color=»#ffffff» locked=»off» global_colors_info=»{}»][et_pb_column type=»1_2&#8243; _builder_version=»4.16&#8243; _module_preset=»default» custom_padding=»|||» global_colors_info=»{}» custom_padding__hover=»|||»][et_pb_text _builder_version=»4.17.6&#8243; _module_preset=»default» text_font=»Montserrat||||||||» text_letter_spacing=»3px» header_font=»VAGRoundedStd|700|||||||» header_font_size=»6vw» header_letter_spacing=»-3px» header_line_height=»0.9em» header_2_font=»Montserrat|||on|||||» header_2_font_size=»24px» header_2_letter_spacing=»2px» header_2_line_height=»1.8em» background_layout=»dark» header_2_font_size_tablet=»14px» header_2_font_size_phone=»» header_2_font_size_last_edited=»on|tablet» global_colors_info=»{}»]</p>
<h2>Jaime Alonso-Iñarra</h2>
<h1>Cómo nació Grupo eduqa</h1>
<p>[/et_pb_text][/et_pb_column][et_pb_column type=»1_2&#8243; specialty_columns=»2&#8243; _builder_version=»4.16&#8243; _module_preset=»default» custom_padding=»|||» global_colors_info=»{}» custom_padding__hover=»|||»][et_pb_row_inner _builder_version=»4.16&#8243; _module_preset=»default» transform_scale_tablet=»» transform_scale_phone=»» transform_scale_last_edited=»on|desktop» transform_translate=»-50%|0px» transform_translate_tablet=»0%|-50%» transform_translate_phone=»» transform_translate_last_edited=»on|desktop» transform_translate_linked=»off» transform_rotate_tablet=»» transform_rotate_phone=»» transform_rotate_last_edited=»on|desktop» transform_skew_tablet=»» transform_skew_phone=»» transform_skew_last_edited=»on|desktop» transform_origin_tablet=»» transform_origin_phone=»» transform_origin_last_edited=»on|desktop» transform_styles_last_edited=»on|desktop» width=»150%» width_tablet=»» width_phone=»» width_last_edited=»on|tablet» custom_margin=»||170px|||» custom_margin_tablet=»||0px» custom_margin_phone=»» custom_margin_last_edited=»on|desktop» custom_padding=»0px||0px|||» transform_styles_tablet=»» transform_styles_phone=»» global_colors_info=»{}»][et_pb_column_inner saved_specialty_column_type=»1_2&#8243; _builder_version=»4.16&#8243; _module_preset=»default» custom_padding=»|||» global_colors_info=»{}» custom_padding__hover=»|||»][/et_pb_column_inner][/et_pb_row_inner][et_pb_row_inner _builder_version=»4.16&#8243; _module_preset=»default» use_background_color_gradient=»on» background_color_gradient_direction=»162deg» background_color_gradient_stops=»#fd7b5b 0%|#a92200 100%» background_color_gradient_start=»#fd7b5b» background_color_gradient_end=»#a92200&#8243; max_width_tablet=»500px» max_width_phone=»400px» max_width_last_edited=»on|phone» custom_margin=»80px|||» custom_padding=»0px|0px|0px|||» global_colors_info=»{}»][et_pb_column_inner saved_specialty_column_type=»1_2&#8243; _builder_version=»4.16&#8243; _module_preset=»default» custom_padding=»|||» global_colors_info=»{}» custom_padding__hover=»|||»][et_pb_image src=»http://www.eduqaterapias.es/wp-content/uploads/2022/07/JAI-web-eduqa1.jpeg» title_text=»JAI web eduqa(1)» force_fullwidth=»on» align_tablet=»center» align_phone=»center» align_last_edited=»on|desktop» _builder_version=»4.17.3&#8243; _module_preset=»default» background_image=»http://www.eduqaterapias.es/wp-content/uploads/2022/07/actor-01.png» background_size=»initial» background_position=»bottom_right» custom_margin=»-80px||-150px|||» custom_margin_tablet=»||0px» custom_margin_phone=»» custom_margin_last_edited=»on|desktop» custom_padding=»|40px|80px|||» custom_padding_tablet=»||» custom_padding_phone=»» custom_padding_last_edited=»on|desktop» box_shadow_style=»preset1&#8243; box_shadow_vertical=»64px» box_shadow_blur=»64px» box_shadow_spread=»-12px» box_shadow_color=»rgba(20,22,23,0.59)» global_colors_info=»{}»][/et_pb_image][/et_pb_column_inner][/et_pb_row_inner][/et_pb_column][/et_pb_section][et_pb_section fb_built=»1&#8243; admin_label=»About» _builder_version=»4.17.3&#8243; _module_preset=»default» custom_margin=»0px||||false|false» custom_padding=»3px|||||» locked=»off» global_colors_info=»{}»][et_pb_row _builder_version=»4.16&#8243; _module_preset=»default» global_colors_info=»{}»][et_pb_column type=»4_4&#8243; _builder_version=»4.16&#8243; _module_preset=»default» custom_padding=»|||» global_colors_info=»{}» custom_padding__hover=»|||»][et_pb_text _builder_version=»4.17.3&#8243; _module_preset=»default» text_font=»||on||||||» text_font_size=»16px» text_line_height=»2em» global_colors_info=»{}»]</p>
<p>A mediados de los años 2000 nacieron mis dos hijos, en pleno verano sofocante madrileño. Fue un embarazo muy duro para mi mujer pues, remolones, no querían salir y a pesar de ser un embarazo gemelar se retrasaron una semana más allá del término previsto.</p>
<p>Aquel día mi vida dio un giro de 180 grados. Yo siempre había sido una persona independiente y aventurera, viví en varios países y me movía ligero, pero ese día una intensa sensación de responsabilidad se apoderó de mí. Una realidad patente, imponente y para siempre.</p>
<p>Este fue mi regalo de cumpleaños, yo cumplo cinco días después, y como si me hubiesen traído un juguete muy deseado, me puse enseguida a leer el libro de instrucciones. Internet era un océano lleno de toda la información que ansiaba conocer: fontanela, meconio, masaje Shantala, etc. un abanico de conceptos nuevos y un mundo, que al igual que mis hijos, comenzaba a crecer en mí.</p>
<p>En seguida llegué a la parte educativa, porque siempre me había interesado, y en realidad era a lo que quería dedicar mi vida, pero nunca había dado el paso. Me empape de modelos educativos, de neurología, del peso de los idiomas, de la psicomotricidad, de quienes eran y qué decían Vigotsky, Steiner, Skinner, Montessori… y cargado con toda esta información salí a buscar LA ESCUELA. Y fui a ver muchas, las más cercanas y también las más punteras del momento. Lo que encontré era muy desigual y sobretodo muy enfocado en el cuidado y poco en el aprendizaje; ¡no encontraba lo que yo buscaba!</p>
<p>Fue en ese momento cuando decidí que, seguro que se podía hacer algo más profesional, más centrado en la educación: una educación infantil que pusiese a los niños en lo más alto del cajón a la hora de entrar en el colegio, en Primaria.</p>
<p>Y así nació eduqa. Lo primero que hicimos fue incorporar a los departamentos de didáctica y teoría de la educación de dos universidades madrileñas para elaborar un proyecto educativo completo, un proyecto que incorporase lo mejor de todas las corrientes educativas.</p>
<p>Abrimos nuestro centro eduqa Las Tablas, y poco después eduqa La Moraleja. En nuestro afán por ofrecer a nuestros alumnos el mejor y más equilibrado desarrollo, incorporamos a una psicomotricista, luego una logopeda y una psicóloga. Así nació nuestro Centro de Terapias infantojuvenil que presta servicio a nuestros alumnos, y a muchos niños de otros centros educativos. Después vino eduqa Valdebebas, y … ¿ahora qué? Ahora seguiremos trabajando en nuestra línea, en educar a cada uno de nuestros niños para que pasen a Primaria seguros, motivados y con recursos, es decir, bien preparados y felices.</p>
<p>[/et_pb_text][/et_pb_column][/et_pb_row][/et_pb_section]</p>

<p>Jaime Alonso-Iñarra Cómo nació Grupo eduqaA mediados de los años 2000 nacieron mis dos hijos, en pleno verano sofocante madrileño. Fue un embarazo muy duro para mi mujer pues, remolones, no querían salir y a pesar de ser un embarazo gemelar se retrasaron una semana más allá del término previsto. Aquel día mi vida dio [&hellip;]</p>
