{"id":1861,"date":"2017-07-24T12:46:21","date_gmt":"2017-07-24T12:46:21","guid":{"rendered":"http:\/\/www.eduqaterapias.es\/?page_id=1861"},"modified":"2025-12-18T15:07:50","modified_gmt":"2025-12-18T15:07:50","slug":"politica-privacidad","status":"publish","type":"page","link":"https:\/\/www.eduqaterapias.es\/en\/politica-privacidad\/","title":{"rendered":"POL\u00cdTICA DE PRIVACIDAD"},"content":{"rendered":"<p>[et_pb_section fb_built=\u00bb1&#8243; _builder_version=\u00bb4.16&#8243; global_colors_info=\u00bb{}\u00bb][et_pb_row _builder_version=\u00bb4.16&#8243; background_size=\u00bbinitial\u00bb background_position=\u00bbtop_left\u00bb background_repeat=\u00bbrepeat\u00bb global_colors_info=\u00bb{}\u00bb][et_pb_column type=\u00bb4_4&#8243; _builder_version=\u00bb4.16&#8243; custom_padding=\u00bb|||\u00bb global_colors_info=\u00bb{}\u00bb custom_padding__hover=\u00bb|||\u00bb][et_pb_text _builder_version=\u00bb4.27.4&#8243; header_text_align=\u00bbcenter\u00bb header_font_size=\u00bb100px\u00bb background_size=\u00bbinitial\u00bb background_position=\u00bbtop_left\u00bb background_repeat=\u00bbrepeat\u00bb hover_enabled=\u00bb0&#8243; global_colors_info=\u00bb{}\u00bb sticky_enabled=\u00bb0&#8243;]<\/p>\n<p>&nbsp;<\/p>\n<h2 style=\"text-align: center;\">POL\u00cdTICA DE PRIVACIDAD<\/h2>\n<p><strong>INFORMACI\u00d3N AL USUARIO<\/strong><br \/>EDUQA TRABAJO Y FAMILIA, S.L., le informa que, seg\u00fan lo dispuesto en el Reglamento General (UE) 2016\/679, protecci\u00f3n de datos (RGPD) y en la L.O. 3\/2018, de protecci\u00f3n de datos y garant\u00eda de los derechos digitales (LOPDGDD), trataremos su datos tal y como reflejamos en la presente Pol\u00edtica de Privacidad.<\/p>\n<p>En esta Pol\u00edtica de Privacidad describimos c\u00f3mo recogemos sus datos personales y por qu\u00e9 los recogemos, qu\u00e9 hacemos con ellos, con qui\u00e9n los compartimos, c\u00f3mo los protegemos y sus opciones en cuanto al tratamiento de sus datos personales.<\/p>\n<p>Esta Pol\u00edtica se aplica al tratamiento de sus datos personales recogidos por la empresa para la prestaci\u00f3n de sus servicios. Si cumplimenta cualquiera de nuestros formularios debe aceptar previamente las condiciones de esta Pol\u00edtica y guardaremos registro de esa aceptaci\u00f3n.<\/p>\n<p><strong>1. RESPONSABLE DEL TRATAMIENTO DE TUS DATOS<\/strong><br \/>El responsable del tratamiento de los datos recogidos en esta p\u00e1gina web es:<\/p>\n<p>Denominaci\u00f3n social: EDUQA TRABAJO Y FAMILIA, S.L.<br \/>Nombre comercial: EDUQA NURSERY SCHOOLS<br \/>NIF: B84372721<br \/>Domicilio: Calle Mirador de la Reina, 43, 28035 Madrid<br \/>Tel\u00e9fono: 913029626<br \/>e-mail: hola@eduqa.es<br \/>DPO: rgpd@eduqa.es<\/p>\n<p><strong>2. FINALIDAD, LEGITIMACI\u00d3N Y CONSERVACI\u00d3N<\/strong><br \/>Recogemos y tratamos sus datos personales a trav\u00e9s de los formularios que se encuentra en nuestra p\u00e1gina web:<strong><u>Trabaja con nosotros<\/u><\/strong><\/p>\n<ul>\n<li>Finalidad: Tramitar su candidatura a nuestros posibles puestos vacantes y gestionar su participaci\u00f3n en nuestros procesos de selecci\u00f3n presentes o futuros.<\/li>\n<li>Legitimaci\u00f3n: El tratamiento se basa en el consentimiento inequ\u00edvoco que nos otorga el candidato al enviar sus datos y su cv.<\/li>\n<li>Conservaci\u00f3n: Los cv recibidos se almacenar\u00e1n en nuestras bases de datos durante un m\u00e1ximo de un a\u00f1o.<\/li>\n<\/ul>\n<p><strong><u>Contacta con nosotros<\/u><\/strong><\/p>\n<ul>\n<li>Finalidad: Contestar a sus solicitudes de informaci\u00f3n, atender sus peticiones y responder sus consultas o dudas<\/li>\n<li>Legitimaci\u00f3n: El tratamiento se basa en el consentimiento inequ\u00edvoco tras la cumplimentaci\u00f3n, aceptaci\u00f3n y env\u00edo del formulario.<\/li>\n<li>Conservaci\u00f3n: Sus datos se conservar\u00e1n en nuestras bases de datos durante 6 meses.<\/li>\n<\/ul>\n<p><strong>3. TIPOS DE DATOS RECOGIDOS<\/strong><br \/>Los tipos de datos que se solicitan son:<\/p>\n<ul>\n<li>Datos de car\u00e1cter identificativo y de contacto.<\/li>\n<li>Datos de circunstancias personales y sociales.<\/li>\n<li>Datos acad\u00e9micos.<\/li>\n<li>Datos profesionales.<\/li>\n<\/ul>\n<p>Tambi\u00e9n recogemos de forma autom\u00e1tica datos sobre su visita a nuestro sitio web, seg\u00fan se describe en la pol\u00edtica de cookies.<\/p>\n<p>EDUQA TRABAJO Y FAMILIA, S.L. no recopila datos considerados especialmente sensibles como pueden ser: raza u origen \u00e9tnico, opiniones pol\u00edticas o creencias religiosas o filos\u00f3ficas, participaci\u00f3n en sindicatos, salud, actividad sexual u orientaci\u00f3n sexual, datos biom\u00e9tricos o gen\u00e9ticos.<\/p>\n<p>Es responsabilidad de cada interesado que los datos aportados sean verdaderos, exactos, completos y actualizados y solo ellos ser\u00e1n responsables de cualquier da\u00f1o o perjuicio, directo o indirecto, que pudiera ocasionarse como consecuencia del incumplimiento de tal obligaci\u00f3n.<\/p>\n<p>En el caso de que los datos aportados por un Usuario pertenecieran a un tercero distinto de quien facilita los datos, el Usuario deber\u00e1 informar al tercero de los aspectos contenidos en esta Pol\u00edtica de Privacidad y obtener su autorizaci\u00f3n para facilitar sus datos a EDUQA TRABAJO Y FAMILIA, S.L..<\/p>\n<p><strong>4. DESTINATARIOS DE LOS DATOS<\/strong><br \/>Los datos pueden ser comunicados a terceros para la prestaci\u00f3n de los diversos servicios, en calidad de Encargados del Tratamiento pero no cederemos sus datos personales a terceros, salvo que estemos obligados por una ley o que usted, previa informaci\u00f3n y aceptaci\u00f3n, lo haya acordado as\u00ed con nosotros.<\/p>\n<p>Compartimos su informaci\u00f3n con:<\/p>\n<p>Prestadores de servicios contratados por (Encargados del Tratamiento). Como, por ejemplo: nuestro servicio de hosting, inform\u00e1ticos o asesores jur\u00eddicos. Exigimos a todos nuestros encargados, contractualmente, que solo usen los datos personales facilitados para la finalidad prevista en el contrato y que, a su finalizaci\u00f3n, nos los devuelvan o destruyan dichos datos personales.<\/p>\n<p>Prestadores de servicios ubicados fuera del Espacio Econ\u00f3mico Europeo (transferencias internacionales de datos), como por ej. EEUU. En estos casos, exige que dichos destinatarios cumplan con medidas dise\u00f1adas para proteger los datos personales y, para ello, se basa en mecanismos aprobados por la UE que permiten dichas transferencias, como las cl\u00e1usulas contractuales tipo.<\/p>\n<p>Por obligaci\u00f3n legal: Agencia Tributaria, Administraci\u00f3n P\u00fablica con competencia, Jueces y Tribunales, etc.<br \/><strong>5. DERECHOS DE LOS INTERESADOS<\/strong><br \/>Tiene derecho a solicitar confirmaci\u00f3n acerca de si estamos tratando sus datos personales y, si es as\u00ed, a <strong>acceder<\/strong> a dichos datos o solicitar su <strong>portabilidad.<\/strong><br \/>Tiene derecho a <strong>oponerse<\/strong> al tratamiento de sus datos (siempre tendremos en cuenta su <strong>objeci\u00f3n<\/strong> a recibir publicidad) y\/o a solicitar la <strong>supresi\u00f3n<\/strong> de los mismos.<br \/>Podr\u00e1 solicitar la <strong>limitaci\u00f3n<\/strong> del tratamiento de sus datos en los siguientes supuestos:<\/p>\n<ul>\n<li>Mientras se comprueba la impugnaci\u00f3n de la exactitud de sus datos.<\/li>\n<li>Si el tratamiento fuera il\u00edcito, pero se opusiera a la supresi\u00f3n de sus datos.<\/li>\n<li>Cuando el centro educativo no necesite sus datos, pero usted los necesite para el ejercicio o la defensa de reclamaciones.<\/li>\n<li>Cuando se haya opuesto al tratamiento de sus datos para el cumplimiento de una misi\u00f3n en inter\u00e9s p\u00fablico o para la satisfacci\u00f3n de un inter\u00e9s leg\u00edtimo, mientras se verifica si los motivos leg\u00edtimos para el tratamiento prevalecen sobre los suyos.<\/li>\n<\/ul>\n<p>Adem\u00e1s, puede revocar el <strong>consentimiento<\/strong> prestado en cualquier momento. No obstante, tenga en cuenta que tras atender su revocaci\u00f3n podremos seguir comunic\u00e1ndonos con usted cuando sea necesario para cumplir con nuestras obligaciones legales o para ejecutar el contrato que mantenga con nosotros.<\/p>\n<p>Cualquiera de estos derechos puede ejercerlos enviando comunicaci\u00f3n motivada a trav\u00e9s de los canales que ponemos a su disposici\u00f3n:<\/p>\n<ul>\n<li>Carta: EDUQA TRABAJO Y FAMILIA, S.L., dirigida a la direcci\u00f3n del Centro, indicando en el asunto \u00abProtecci\u00f3n de Datos\u00bb.<\/li>\n<li>Correo electr\u00f3nico: rgpd@eduqa.es, indicando en el asunto \u00abProtecci\u00f3n de Datos\u00bb.<\/li>\n<\/ul>\n<p>Para el correcto ejercicio de sus derechos podr\u00edamos solicitarle que acredite su identidad mediante copia de su DNI, o documento oficial equivalente, en caso de que no nos constara previamente, en nuestro sistema, o ante dudas acerca de la misma.<\/p>\n<p>El plazo para hacer efectivo su derecho, como interesado, ser\u00e1 de un mes a partir de la recepci\u00f3n de la solicitud, el cual puede ser prorrogado por dos meses m\u00e1s en supuestos de complejidad o n\u00famero de solicitudes recibidas.<\/p>\n<p>Si considera que no hemos tratado sus datos personales de acuerdo con la normativa, puede contactar con el Delegado de Protecci\u00f3n de Datos en , indicando en el asunto: Reclamaci\u00f3n Protecci\u00f3n de Datos.<\/p>\n<p>Tambi\u00e9n puede interponer una reclamaci\u00f3n ante la Agencia Espa\u00f1ola de Protecci\u00f3n de Datos (<a href=\"http:\/\/www.agpd.es\">www.aepd.es<\/a>), cuando considere que sus derechos no han sido atendidos debidamente o han sido vulnerados.<\/p>\n<p><strong>6. ACTUALIZACI\u00d3N DE LA POL\u00cdTICA DE PRIVACIDAD<\/strong><br \/>Nos esforzamos para mejorar continuamente nuestros servicios, procesos y la protecci\u00f3n de los derechos de los interesados, por eso actualizaremos esta pol\u00edtica de privacidad peri\u00f3dicamente. Le aconsejamos que la consulte de forma regular.<\/p>\n<p>[\/et_pb_text][\/et_pb_column][\/et_pb_row][\/et_pb_section]<\/p>\n","protected":false},"excerpt":{"rendered":"<p>&nbsp; POL\u00cdTICA DE PRIVACIDAD INFORMACI\u00d3N AL USUARIOEDUQA TRABAJO Y FAMILIA, S.L., le informa que, seg\u00fan lo dispuesto en el Reglamento General (UE) 2016\/679, protecci\u00f3n de datos (RGPD) y en la L.O. 3\/2018, de protecci\u00f3n de datos y garant\u00eda de los derechos digitales (LOPDGDD), trataremos su datos tal y como reflejamos en la presente Pol\u00edtica de [&hellip;]<\/p>\n","protected":false},"author":17,"featured_media":0,"parent":0,"menu_order":0,"comment_status":"closed","ping_status":"closed","template":"","meta":{"_et_pb_use_builder":"on","_et_pb_old_content":"\u00a0\r\n<h1 style=\"text-align: center;\">POL\u00cdTICA DE PRIVACIDAD<\/h1>\r\n<strong>eduqa TRABAJO Y FAMILIA S.L.<\/strong> realiza los tratamientos de datos de car\u00e1cter personal que se relacionan a continuaci\u00f3n. Clicando sobre cada uno de ellos puede consultar su correspondiente informaci\u00f3n sobre protecci\u00f3n de datos del tratamiento:\r\n\r\n<a href=\"http:\/\/www.eduqaterapias.es\/wp-content\/uploads\/2017\/07\/TUTORES-Y-MENORES.pdf\">TUTORES Y MENORES<\/a>\r\n<a href=\"http:\/\/www.eduqaterapias.es\/wp-content\/uploads\/2017\/07\/EMPLEADOS-1.pdf\">EMPLEADOS<\/a>\r\n<a href=\"http:\/\/www.eduqaterapias.es\/wp-content\/uploads\/2017\/07\/CONTACTOS.pdf\">CONTACTOS<\/a>\r\n<a href=\"http:\/\/www.eduqaterapias.es\/wp-content\/uploads\/2017\/07\/CANDIDATOS.pdf\">CANDIDATOS<\/a>\r\n<a href=\"http:\/\/www.eduqaterapias.es\/wp-content\/uploads\/2017\/07\/PROVEEDORES.pdf\">PROVEEDORES<\/a>","_et_gb_content_width":"","_monsterinsights_skip_tracking":false,"_monsterinsights_sitenote_active":false,"_monsterinsights_sitenote_note":"","_monsterinsights_sitenote_category":0,"footnotes":""},"class_list":["post-1861","page","type-page","status-publish","hentry"],"_links":{"self":[{"href":"https:\/\/www.eduqaterapias.es\/en\/wp-json\/wp\/v2\/pages\/1861","targetHints":{"allow":["GET"]}}],"collection":[{"href":"https:\/\/www.eduqaterapias.es\/en\/wp-json\/wp\/v2\/pages"}],"about":[{"href":"https:\/\/www.eduqaterapias.es\/en\/wp-json\/wp\/v2\/types\/page"}],"author":[{"embeddable":true,"href":"https:\/\/www.eduqaterapias.es\/en\/wp-json\/wp\/v2\/users\/17"}],"replies":[{"embeddable":true,"href":"https:\/\/www.eduqaterapias.es\/en\/wp-json\/wp\/v2\/comments?post=1861"}],"version-history":[{"count":18,"href":"https:\/\/www.eduqaterapias.es\/en\/wp-json\/wp\/v2\/pages\/1861\/revisions"}],"predecessor-version":[{"id":5592,"href":"https:\/\/www.eduqaterapias.es\/en\/wp-json\/wp\/v2\/pages\/1861\/revisions\/5592"}],"wp:attachment":[{"href":"https:\/\/www.eduqaterapias.es\/en\/wp-json\/wp\/v2\/media?parent=1861"}],"curies":[{"name":"wp","href":"https:\/\/api.w.org\/{rel}","templated":true}]}}

POLÍTICA DE PRIVACIDAD

<p>[et_pb_section fb_built=»1&#8243; _builder_version=»4.16&#8243; global_colors_info=»{}»][et_pb_row _builder_version=»4.16&#8243; background_size=»initial» background_position=»top_left» background_repeat=»repeat» global_colors_info=»{}»][et_pb_column type=»4_4&#8243; _builder_version=»4.16&#8243; custom_padding=»|||» global_colors_info=»{}» custom_padding__hover=»|||»][et_pb_text _builder_version=»4.27.4&#8243; header_text_align=»center» header_font_size=»100px» background_size=»initial» background_position=»top_left» background_repeat=»repeat» hover_enabled=»0&#8243; global_colors_info=»{}» sticky_enabled=»0&#8243;]</p>
<p>&nbsp;</p>
<h2 style="text-align: center;">POLÍTICA DE PRIVACIDAD</h2>
<p><strong>INFORMACIÓN AL USUARIO</strong><br />EDUQA TRABAJO Y FAMILIA, S.L., le informa que, según lo dispuesto en el Reglamento General (UE) 2016/679, protección de datos (RGPD) y en la L.O. 3/2018, de protección de datos y garantía de los derechos digitales (LOPDGDD), trataremos su datos tal y como reflejamos en la presente Política de Privacidad.</p>
<p>En esta Política de Privacidad describimos cómo recogemos sus datos personales y por qué los recogemos, qué hacemos con ellos, con quién los compartimos, cómo los protegemos y sus opciones en cuanto al tratamiento de sus datos personales.</p>
<p>Esta Política se aplica al tratamiento de sus datos personales recogidos por la empresa para la prestación de sus servicios. Si cumplimenta cualquiera de nuestros formularios debe aceptar previamente las condiciones de esta Política y guardaremos registro de esa aceptación.</p>
<p><strong>1. RESPONSABLE DEL TRATAMIENTO DE TUS DATOS</strong><br />El responsable del tratamiento de los datos recogidos en esta página web es:</p>
<p>Denominación social: EDUQA TRABAJO Y FAMILIA, S.L.<br />Nombre comercial: EDUQA NURSERY SCHOOLS<br />NIF: B84372721<br />Domicilio: Calle Mirador de la Reina, 43, 28035 Madrid<br />Teléfono: 913029626<br />e-mail: hola@eduqa.es<br />DPO: rgpd@eduqa.es</p>
<p><strong>2. FINALIDAD, LEGITIMACIÓN Y CONSERVACIÓN</strong><br />Recogemos y tratamos sus datos personales a través de los formularios que se encuentra en nuestra página web:<strong><u>Trabaja con nosotros</u></strong></p>
<ul>
<li>Finalidad: Tramitar su candidatura a nuestros posibles puestos vacantes y gestionar su participación en nuestros procesos de selección presentes o futuros.</li>
<li>Legitimación: El tratamiento se basa en el consentimiento inequívoco que nos otorga el candidato al enviar sus datos y su cv.</li>
<li>Conservación: Los cv recibidos se almacenarán en nuestras bases de datos durante un máximo de un año.</li>
</ul>
<p><strong><u>Contacta con nosotros</u></strong></p>
<ul>
<li>Finalidad: Contestar a sus solicitudes de información, atender sus peticiones y responder sus consultas o dudas</li>
<li>Legitimación: El tratamiento se basa en el consentimiento inequívoco tras la cumplimentación, aceptación y envío del formulario.</li>
<li>Conservación: Sus datos se conservarán en nuestras bases de datos durante 6 meses.</li>
</ul>
<p><strong>3. TIPOS DE DATOS RECOGIDOS</strong><br />Los tipos de datos que se solicitan son:</p>
<ul>
<li>Datos de carácter identificativo y de contacto.</li>
<li>Datos de circunstancias personales y sociales.</li>
<li>Datos académicos.</li>
<li>Datos profesionales.</li>
</ul>
<p>También recogemos de forma automática datos sobre su visita a nuestro sitio web, según se describe en la política de cookies.</p>
<p>EDUQA TRABAJO Y FAMILIA, S.L. no recopila datos considerados especialmente sensibles como pueden ser: raza u origen étnico, opiniones políticas o creencias religiosas o filosóficas, participación en sindicatos, salud, actividad sexual u orientación sexual, datos biométricos o genéticos.</p>
<p>Es responsabilidad de cada interesado que los datos aportados sean verdaderos, exactos, completos y actualizados y solo ellos serán responsables de cualquier daño o perjuicio, directo o indirecto, que pudiera ocasionarse como consecuencia del incumplimiento de tal obligación.</p>
<p>En el caso de que los datos aportados por un Usuario pertenecieran a un tercero distinto de quien facilita los datos, el Usuario deberá informar al tercero de los aspectos contenidos en esta Política de Privacidad y obtener su autorización para facilitar sus datos a EDUQA TRABAJO Y FAMILIA, S.L..</p>
<p><strong>4. DESTINATARIOS DE LOS DATOS</strong><br />Los datos pueden ser comunicados a terceros para la prestación de los diversos servicios, en calidad de Encargados del Tratamiento pero no cederemos sus datos personales a terceros, salvo que estemos obligados por una ley o que usted, previa información y aceptación, lo haya acordado así con nosotros.</p>
<p>Compartimos su información con:</p>
<p>Prestadores de servicios contratados por (Encargados del Tratamiento). Como, por ejemplo: nuestro servicio de hosting, informáticos o asesores jurídicos. Exigimos a todos nuestros encargados, contractualmente, que solo usen los datos personales facilitados para la finalidad prevista en el contrato y que, a su finalización, nos los devuelvan o destruyan dichos datos personales.</p>
<p>Prestadores de servicios ubicados fuera del Espacio Económico Europeo (transferencias internacionales de datos), como por ej. EEUU. En estos casos, exige que dichos destinatarios cumplan con medidas diseñadas para proteger los datos personales y, para ello, se basa en mecanismos aprobados por la UE que permiten dichas transferencias, como las cláusulas contractuales tipo.</p>
<p>Por obligación legal: Agencia Tributaria, Administración Pública con competencia, Jueces y Tribunales, etc.<br /><strong>5. DERECHOS DE LOS INTERESADOS</strong><br />Tiene derecho a solicitar confirmación acerca de si estamos tratando sus datos personales y, si es así, a <strong>acceder</strong> a dichos datos o solicitar su <strong>portabilidad.</strong><br />Tiene derecho a <strong>oponerse</strong> al tratamiento de sus datos (siempre tendremos en cuenta su <strong>objeción</strong> a recibir publicidad) y/o a solicitar la <strong>supresión</strong> de los mismos.<br />Podrá solicitar la <strong>limitación</strong> del tratamiento de sus datos en los siguientes supuestos:</p>
<ul>
<li>Mientras se comprueba la impugnación de la exactitud de sus datos.</li>
<li>Si el tratamiento fuera ilícito, pero se opusiera a la supresión de sus datos.</li>
<li>Cuando el centro educativo no necesite sus datos, pero usted los necesite para el ejercicio o la defensa de reclamaciones.</li>
<li>Cuando se haya opuesto al tratamiento de sus datos para el cumplimiento de una misión en interés público o para la satisfacción de un interés legítimo, mientras se verifica si los motivos legítimos para el tratamiento prevalecen sobre los suyos.</li>
</ul>
<p>Además, puede revocar el <strong>consentimiento</strong> prestado en cualquier momento. No obstante, tenga en cuenta que tras atender su revocación podremos seguir comunicándonos con usted cuando sea necesario para cumplir con nuestras obligaciones legales o para ejecutar el contrato que mantenga con nosotros.</p>
<p>Cualquiera de estos derechos puede ejercerlos enviando comunicación motivada a través de los canales que ponemos a su disposición:</p>
<ul>
<li>Carta: EDUQA TRABAJO Y FAMILIA, S.L., dirigida a la dirección del Centro, indicando en el asunto «Protección de Datos».</li>
<li>Correo electrónico: rgpd@eduqa.es, indicando en el asunto «Protección de Datos».</li>
</ul>
<p>Para el correcto ejercicio de sus derechos podríamos solicitarle que acredite su identidad mediante copia de su DNI, o documento oficial equivalente, en caso de que no nos constara previamente, en nuestro sistema, o ante dudas acerca de la misma.</p>
<p>El plazo para hacer efectivo su derecho, como interesado, será de un mes a partir de la recepción de la solicitud, el cual puede ser prorrogado por dos meses más en supuestos de complejidad o número de solicitudes recibidas.</p>
<p>Si considera que no hemos tratado sus datos personales de acuerdo con la normativa, puede contactar con el Delegado de Protección de Datos en , indicando en el asunto: Reclamación Protección de Datos.</p>
<p>También puede interponer una reclamación ante la Agencia Española de Protección de Datos (<a href="http://www.agpd.es">www.aepd.es</a>), cuando considere que sus derechos no han sido atendidos debidamente o han sido vulnerados.</p>
<p><strong>6. ACTUALIZACIÓN DE LA POLÍTICA DE PRIVACIDAD</strong><br />Nos esforzamos para mejorar continuamente nuestros servicios, procesos y la protección de los derechos de los interesados, por eso actualizaremos esta política de privacidad periódicamente. Le aconsejamos que la consulte de forma regular.</p>
<p>[/et_pb_text][/et_pb_column][/et_pb_row][/et_pb_section]</p>

<p>&nbsp; POLÍTICA DE PRIVACIDAD INFORMACIÓN AL USUARIOEDUQA TRABAJO Y FAMILIA, S.L., le informa que, según lo dispuesto en el Reglamento General (UE) 2016/679, protección de datos (RGPD) y en la L.O. 3/2018, de protección de datos y garantía de los derechos digitales (LOPDGDD), trataremos su datos tal y como reflejamos en la presente Política de [&hellip;]</p>

<h1 style="text-align: center;">POLÍTICA DE PRIVACIDAD</h1>
<strong>eduqa TRABAJO Y FAMILIA S.L.</strong> realiza los tratamientos de datos de carácter personal que se relacionan a continuación. Clicando sobre cada uno de ellos puede consultar su correspondiente información sobre protección de datos del tratamiento:

<a href="http://www.eduqaterapias.es/wp-content/uploads/2017/07/TUTORES-Y-MENORES.pdf">TUTORES Y MENORES</a>
<a href="http://www.eduqaterapias.es/wp-content/uploads/2017/07/EMPLEADOS-1.pdf">EMPLEADOS</a>
<a href="http://www.eduqaterapias.es/wp-content/uploads/2017/07/CONTACTOS.pdf">CONTACTOS</a>
<a href="http://www.eduqaterapias.es/wp-content/uploads/2017/07/CANDIDATOS.pdf">CANDIDATOS</a>
<a href="http://www.eduqaterapias.es/wp-content/uploads/2017/07/PROVEEDORES.pdf">PROVEEDORES</a>
